{"id":22,"date":"2021-08-25T12:50:51","date_gmt":"2021-08-25T12:50:51","guid":{"rendered":"http:\/\/scandiumpark.test\/?page_id=22"},"modified":"2021-11-12T16:36:16","modified_gmt":"2021-11-12T16:36:16","slug":"asukoht","status":"publish","type":"page","link":"https:\/\/scandium.ee\/scandiumpark\/asukoht\/","title":{"rendered":"Asukoht"},"content":{"rendered":"","protected":false},"excerpt":{"rendered":"","protected":false},"author":1,"featured_media":1269,"parent":0,"menu_order":0,"comment_status":"closed","ping_status":"closed","template":"","meta":{"_acf_changed":false,"inline_featured_image":false,"_monsterinsights_skip_tracking":false,"_monsterinsights_sitenote_active":false,"_monsterinsights_sitenote_note":"","_monsterinsights_sitenote_category":0,"footnotes":""},"acf":{"fixed_column":[{"title":"Kiire ligip\u00e4\u00e4s","image":false,"content":"<p>Peterburi tee 1a asub Tallinna suurimate teede ristumispunktis. Siia j\u00f5uab kiiresti k\u00f5igist linnaosadest,\u00a0aga ka\u00a0pealinnast v\u00e4ljastpoolt.<\/p>\n<p>Tartu mnt ja Peterburi tee ristumispunkti saab h\u00f5lpsalt nii\u00a0trammi, bussi, rongi, lennuki\u00a0kui ka mikromobiilsuss\u00f5idukitega. Ratturite r\u00f5\u00f5muks asuvad nii rattaparkla juures kui ka igas b\u00fcroos\u00a0mugavad pesemisruumid.<\/p>\n<p>Tulevane Rail Baltica\u00a0\u00fchisterminal\u00a0muudab m\u00f5ne aasta p\u00e4rast\u00a0Scandium\u00a0Parki asukoha veelgi kiiremini ligip\u00e4\u00e4setavaks. See v\u00f5imaldab t\u00f6\u00f6tajaid v\u00e4rvata k\u00f5ikjalt Baltikumist.<\/p>\n"},{"title":"Kaubandus ja teenindus ","image":1018,"content":"<p>\u00dclemiste ja Sikupilli keskus ning T1 koos l\u00f5pmatute teenindus-, toitlustus- ja kaubandusettev\u00f5tetega j\u00e4\u00e4vad k\u00f5ik v\u00e4hem kui 15-minutilise jalutusk\u00e4igu kaugusele.<\/p>\n<p>Samuti on\u00a0Scandium\u00a0park hoones endas l\u00e4bi kahe korruse k\u00f5rguv kohvik, mis pakub nii kosutavaid hommikus\u00f6\u00f6ke, maitsvaid l\u00f5unas\u00f6\u00f6ke kui tervislikke vahepalasid.<\/p>\n"}],"interactive-image":false,"interactive_content":false,"location":["jah"],"location_image":1359,"interactive_title":"","interactive_text":""},"yoast_head":"<!-- This site is optimized with the Yoast SEO plugin v22.7 - https:\/\/yoast.com\/wordpress\/plugins\/seo\/ -->\n<title>Asukoht - Scandium Park<\/title>\n<meta name=\"robots\" content=\"index, follow, max-snippet:-1, max-image-preview:large, max-video-preview:-1\" \/>\n<link rel=\"canonical\" href=\"https:\/\/scandium.ee\/scandiumpark\/asukoht\/\" \/>\n<meta property=\"og:locale\" content=\"et_EE\" \/>\n<meta property=\"og:type\" content=\"article\" \/>\n<meta property=\"og:title\" content=\"Asukoht - Scandium Park\" \/>\n<meta property=\"og:url\" content=\"https:\/\/scandium.ee\/scandiumpark\/asukoht\/\" \/>\n<meta property=\"og:site_name\" content=\"Scandium Park\" \/>\n<meta property=\"article:modified_time\" content=\"2021-11-12T16:36:16+00:00\" \/>\n<meta property=\"og:image\" content=\"https:\/\/scandium.ee\/scandiumpark\/app\/uploads\/2021\/11\/kaupokalda-com-20201106-165637-dji_0642-pano-min-scaled.jpg\" \/>\n\t<meta property=\"og:image:width\" content=\"2560\" \/>\n\t<meta property=\"og:image:height\" content=\"1280\" \/>\n\t<meta property=\"og:image:type\" content=\"image\/jpeg\" \/>\n<meta name=\"twitter:card\" content=\"summary_large_image\" \/>\n<script type=\"application\/ld+json\" class=\"yoast-schema-graph\">{\"@context\":\"https:\/\/schema.org\",\"@graph\":[{\"@type\":\"WebPage\",\"@id\":\"https:\/\/scandium.ee\/scandiumpark\/asukoht\/\",\"url\":\"https:\/\/scandium.ee\/scandiumpark\/asukoht\/\",\"name\":\"Asukoht - Scandium Park\",\"isPartOf\":{\"@id\":\"https:\/\/scandium.ee\/scandiumpark\/#website\"},\"primaryImageOfPage\":{\"@id\":\"https:\/\/scandium.ee\/scandiumpark\/asukoht\/#primaryimage\"},\"image\":{\"@id\":\"https:\/\/scandium.ee\/scandiumpark\/asukoht\/#primaryimage\"},\"thumbnailUrl\":\"https:\/\/scandium.ee\/scandiumpark\/app\/uploads\/2021\/11\/kaupokalda-com-20201106-165637-dji_0642-pano-min-scaled.jpg\",\"datePublished\":\"2021-08-25T12:50:51+00:00\",\"dateModified\":\"2021-11-12T16:36:16+00:00\",\"breadcrumb\":{\"@id\":\"https:\/\/scandium.ee\/scandiumpark\/asukoht\/#breadcrumb\"},\"inLanguage\":\"et\",\"potentialAction\":[{\"@type\":\"ReadAction\",\"target\":[\"https:\/\/scandium.ee\/scandiumpark\/asukoht\/\"]}]},{\"@type\":\"ImageObject\",\"inLanguage\":\"et\",\"@id\":\"https:\/\/scandium.ee\/scandiumpark\/asukoht\/#primaryimage\",\"url\":\"https:\/\/scandium.ee\/scandiumpark\/app\/uploads\/2021\/11\/kaupokalda-com-20201106-165637-dji_0642-pano-min-scaled.jpg\",\"contentUrl\":\"https:\/\/scandium.ee\/scandiumpark\/app\/uploads\/2021\/11\/kaupokalda-com-20201106-165637-dji_0642-pano-min-scaled.jpg\",\"width\":2560,\"height\":1280},{\"@type\":\"BreadcrumbList\",\"@id\":\"https:\/\/scandium.ee\/scandiumpark\/asukoht\/#breadcrumb\",\"itemListElement\":[{\"@type\":\"ListItem\",\"position\":1,\"name\":\"Home\",\"item\":\"https:\/\/scandium.ee\/scandiumpark\/\"},{\"@type\":\"ListItem\",\"position\":2,\"name\":\"Asukoht\"}]},{\"@type\":\"WebSite\",\"@id\":\"https:\/\/scandium.ee\/scandiumpark\/#website\",\"url\":\"https:\/\/scandium.ee\/scandiumpark\/\",\"name\":\"Scandium Park\",\"description\":\"\u00c4rihoone, kus eneseteostus on igap\u00e4evane\",\"potentialAction\":[{\"@type\":\"SearchAction\",\"target\":{\"@type\":\"EntryPoint\",\"urlTemplate\":\"https:\/\/scandium.ee\/scandiumpark\/?s={search_term_string}\"},\"query-input\":\"required name=search_term_string\"}],\"inLanguage\":\"et\"}]}<\/script>\n<!-- \/ Yoast SEO plugin. -->","yoast_head_json":{"title":"Asukoht - Scandium Park","robots":{"index":"index","follow":"follow","max-snippet":"max-snippet:-1","max-image-preview":"max-image-preview:large","max-video-preview":"max-video-preview:-1"},"canonical":"https:\/\/scandium.ee\/scandiumpark\/asukoht\/","og_locale":"et_EE","og_type":"article","og_title":"Asukoht - Scandium Park","og_url":"https:\/\/scandium.ee\/scandiumpark\/asukoht\/","og_site_name":"Scandium Park","article_modified_time":"2021-11-12T16:36:16+00:00","og_image":[{"width":2560,"height":1280,"url":"https:\/\/scandium.ee\/scandiumpark\/app\/uploads\/2021\/11\/kaupokalda-com-20201106-165637-dji_0642-pano-min-scaled.jpg","type":"image\/jpeg"}],"twitter_card":"summary_large_image","schema":{"@context":"https:\/\/schema.org","@graph":[{"@type":"WebPage","@id":"https:\/\/scandium.ee\/scandiumpark\/asukoht\/","url":"https:\/\/scandium.ee\/scandiumpark\/asukoht\/","name":"Asukoht - Scandium Park","isPartOf":{"@id":"https:\/\/scandium.ee\/scandiumpark\/#website"},"primaryImageOfPage":{"@id":"https:\/\/scandium.ee\/scandiumpark\/asukoht\/#primaryimage"},"image":{"@id":"https:\/\/scandium.ee\/scandiumpark\/asukoht\/#primaryimage"},"thumbnailUrl":"https:\/\/scandium.ee\/scandiumpark\/app\/uploads\/2021\/11\/kaupokalda-com-20201106-165637-dji_0642-pano-min-scaled.jpg","datePublished":"2021-08-25T12:50:51+00:00","dateModified":"2021-11-12T16:36:16+00:00","breadcrumb":{"@id":"https:\/\/scandium.ee\/scandiumpark\/asukoht\/#breadcrumb"},"inLanguage":"et","potentialAction":[{"@type":"ReadAction","target":["https:\/\/scandium.ee\/scandiumpark\/asukoht\/"]}]},{"@type":"ImageObject","inLanguage":"et","@id":"https:\/\/scandium.ee\/scandiumpark\/asukoht\/#primaryimage","url":"https:\/\/scandium.ee\/scandiumpark\/app\/uploads\/2021\/11\/kaupokalda-com-20201106-165637-dji_0642-pano-min-scaled.jpg","contentUrl":"https:\/\/scandium.ee\/scandiumpark\/app\/uploads\/2021\/11\/kaupokalda-com-20201106-165637-dji_0642-pano-min-scaled.jpg","width":2560,"height":1280},{"@type":"BreadcrumbList","@id":"https:\/\/scandium.ee\/scandiumpark\/asukoht\/#breadcrumb","itemListElement":[{"@type":"ListItem","position":1,"name":"Home","item":"https:\/\/scandium.ee\/scandiumpark\/"},{"@type":"ListItem","position":2,"name":"Asukoht"}]},{"@type":"WebSite","@id":"https:\/\/scandium.ee\/scandiumpark\/#website","url":"https:\/\/scandium.ee\/scandiumpark\/","name":"Scandium Park","description":"\u00c4rihoone, kus eneseteostus on igap\u00e4evane","potentialAction":[{"@type":"SearchAction","target":{"@type":"EntryPoint","urlTemplate":"https:\/\/scandium.ee\/scandiumpark\/?s={search_term_string}"},"query-input":"required name=search_term_string"}],"inLanguage":"et"}]}},"_links":{"self":[{"href":"https:\/\/scandium.ee\/scandiumpark\/wp-json\/wp\/v2\/pages\/22"}],"collection":[{"href":"https:\/\/scandium.ee\/scandiumpark\/wp-json\/wp\/v2\/pages"}],"about":[{"href":"https:\/\/scandium.ee\/scandiumpark\/wp-json\/wp\/v2\/types\/page"}],"author":[{"embeddable":true,"href":"https:\/\/scandium.ee\/scandiumpark\/wp-json\/wp\/v2\/users\/1"}],"replies":[{"embeddable":true,"href":"https:\/\/scandium.ee\/scandiumpark\/wp-json\/wp\/v2\/comments?post=22"}],"version-history":[{"count":5,"href":"https:\/\/scandium.ee\/scandiumpark\/wp-json\/wp\/v2\/pages\/22\/revisions"}],"predecessor-version":[{"id":1362,"href":"https:\/\/scandium.ee\/scandiumpark\/wp-json\/wp\/v2\/pages\/22\/revisions\/1362"}],"wp:featuredmedia":[{"embeddable":true,"href":"https:\/\/scandium.ee\/scandiumpark\/wp-json\/wp\/v2\/media\/1269"}],"wp:attachment":[{"href":"https:\/\/scandium.ee\/scandiumpark\/wp-json\/wp\/v2\/media?parent=22"}],"curies":[{"name":"wp","href":"https:\/\/api.w.org\/{rel}","templated":true}]}}