{"id":3,"date":"2025-01-31T11:03:26","date_gmt":"2025-01-31T11:03:26","guid":{"rendered":"https:\/\/scandium.ee\/parnu-bellevue\/?page_id=3"},"modified":"2025-04-13T13:27:16","modified_gmt":"2025-04-13T13:27:16","slug":"privaatsuspoliitika","status":"publish","type":"page","link":"https:\/\/scandium.ee\/parnu-bellevue\/privaatsuspoliitika\/","title":{"rendered":"Privaatsuspoliitika"},"content":{"rendered":"\r\n<h3 class=\"wp-block-heading\"><strong>Privaatsustingimused<\/strong><\/h3>\r\n<p>Isikuandmete vastutav t\u00f6\u00f6tleja ja kasutaja on Scandium Kinnisvara AS, registrikood 12957803.\u00a0<br \/><br \/>K\u00e4esolevaga informeerime Teid meie Teenuse kasutamisel Teie isikuandmete andmete kogumise, kasutamise ja avaldamise poliitikast. Kasutame Teie andmeid, et Teile Teenust osutada ja seda parendada. Meie Teenuse kasutamisega olete n\u00f5ustunud, et kogume ja kasutame Teie andmeid vastavalt k\u00e4esolevale poliitikale.\u00a0<\/p>\r\n<h3 class=\"wp-block-heading\"><strong>Isikuandmed<\/strong><\/h3>\r\n<p>Kliendisuhte raames esitab klient meile muu hulgas oma nime, e-posti aadressi ja telefoninumbri, korteriomandi(te) ostmisel ka vastava korteriomandi aadressi. Kasutame eelnimetatud isikuandmeid lepingu ettevalmistamiseks, s\u00f5lmimiseks ja t\u00e4itmiseks, samuti turundustegevuse eesm\u00e4rgil, sealhulgas:\u00a0<\/p>\r\n<ul>\r\n<li>kliendiga \u00fchenduse v\u00f5tmiseks seoses kliendile huvi pakkunud korteriomandi(te)ga,\u00a0<\/li>\r\n<li>kontaktide nimekirja s\u00e4ilitamiseks,\u00a0<\/li>\r\n<li>tagasiside k\u00fcsimiseks,\u00a0<\/li>\r\n<li>teabekirjade saatmiseks,\u00a0<\/li>\r\n<li>garantiit\u00f6\u00f6de teostamiseks.\u00a0<\/li>\r\n<\/ul>\r\n<h3 class=\"wp-block-heading\"><strong>Andmete s\u00e4ilitamine<\/strong><\/h3>\r\n<p>S\u00e4ilitame kliendi isikuandmeid seni, kuni klient annab teada, et soovib need kustutada. Sellisel juhul kustutame kliendi andmed oma andmebaasidest ja l\u00f5petame kliendile teabe saatmise. Me ei s\u00e4ilita kliendi isikuandmeid kauem, kui see on vajalik kliendi isikuandmete t\u00f6\u00f6tlemise eesm\u00e4rkide v\u00f5i seadusest tulenevate n\u00f5uete t\u00e4itmiseks.\u00a0<br \/>Me ei m\u00fc\u00fc, ei anna kasutusse, ei levita ega edasta muul viisil kliendi isikuandmeid kolmandatele isikutele.\u00a0<\/p>\r\n<h3 class=\"wp-block-heading\"><strong>Kliendi \u00f5igused<\/strong><\/h3>\r\n<p>Kliendil on alati \u00f5igus p\u00f6\u00f6rduda meie poole, et saada teavet oma isikuandmete t\u00f6\u00f6tlemise kohta. Isikuandmete kaitse \u00fcldm\u00e4\u00e4ruse alusel on kliendil muu hulgas j\u00e4rgmised \u00f5igused:\u00a0<\/p>\r\n<ul>\r\n<li>\u00f5igus teada, milliseid isikuandmeid me t\u00f6\u00f6tleme, ja paluda neist koopiat,\u00a0<\/li>\r\n<li>\u00f5igus paluda parandada valeandmed v\u00f5i isikuandmed kustutada,\u00a0<\/li>\r\n<li>\u00f5igus esitada vastuv\u00e4iteid oma isikuandmete t\u00f6\u00f6tlemise kohta ja n\u00f5uda nende t\u00f6\u00f6tlemise piiramist.\u00a0<\/li>\r\n<\/ul>\r\n<p>J\u00e4tame endale \u00f5iguse neid p\u00f5him\u00f5tteid muuta. Anname Teile sellest teada, postitades uue privaatsuspoliitika k\u00e4esolevale lehele.\u00a0<\/p>\r\n<h3 class=\"wp-block-heading\"><strong>K\u00fcpsised<\/strong><\/h3>\r\n<p>K\u00fcpsised (ingl\u202f<em>cookies<\/em>) on v\u00e4iksemahulised tekstifailid, mis salvestatakse AS Scandium Kinnisvara (registrikood 12957803, aadress Hallivanamehe 4, 11317 Tallinn, Eesti Vabariik; edaspidi\u202f<em>meie<\/em>) veebilehtesid k\u00fclastades brauseri poolt veebilehe k\u00fclastaja (edaspidi\u202f<em>teie<\/em>) poolt kasutatavasse seadmesse.\u00a0<br \/><br \/>K\u00fcpsiste kasutamise eesm\u00e4rk on hinnata ja j\u00e4lgida meie veebilehtede kasutatavust, eesm\u00e4rgiga teie kasutuskogemust rikastada, pakkudes teile veebilehe isikup\u00e4rasemat ja mugavamat navigeerimist.\u00a0<\/p>\r\n<h3 class=\"wp-block-heading\"><strong>Milliseid k\u00fcpsiseid meie veebileht kasutab?<\/strong><\/h3>\r\n<p>Meie veebileht kasutab esimese ja kolmanda osapoole k\u00fcpsiseid, mis oma olemuselt jagunevad kaheks, s.o ajutised ja p\u00fcsik\u00fcpsised.\u00a0<br \/>Esimese osapoole ehk autori-k\u00fcpsised\u202fp\u00e4rinevad meie veebilehelt ning v\u00f5ivad olla nii p\u00fcsivad kui ka ajutised. Selliste k\u00fcpsiste abil saame salvestada teavet, mida taaskasutatakse j\u00e4rgmisel korral, kui te meie veebilehte k\u00fclastate.\u00a0<br \/>Kolmandate osapoolte\u202fk\u00fcpsised\u202fp\u00e4rinevad kolmandatelt isikutelt, s.o ettev\u00f5tetelt ja isikutelt, keda me oma teenuste jaoks kasutame (Google Inc, Google Analytics, META jne). Selliste k\u00fcpsiste abil kogume nt teavet veebilehe statistika ja reklaamide jaoks. M\u00e4rgime, et me ei oma ligip\u00e4\u00e4su ega kontrolli kolmandate osapoolte poolt paigaldatavaid k\u00fcpsiseid ning nende paigaldamine ja kasutamine toimub l\u00e4htuvalt paigaldajate endi privaatsuspoliitikast.\u00a0<br \/>Ajutised\u202fehk\u202fseansik\u00fcpsised kustutab teie seade p\u00e4rast meie veebilehe sulgemist. Ajutised k\u00fcpsised on vajalikud n\u00e4iteks meie veebilehe keelevaliku salvestamiseks.\u00a0<br \/>P\u00fcsik\u00fcpsised\u202fsalvestuvad teie seadmesse p\u00e4rast meie veebilehe sulgemist. P\u00fcsik\u00fcpsised v\u00f5ivad j\u00e4\u00e4da teie arvutisse kuudeks v\u00f5i aastateks.\u00a0<br \/>Meie veebilehed v\u00f5ivad kasutada ja paigaldada teie seadmesse j\u00e4rgmiste kategooria k\u00fcpsised:\u00a0<br \/>Tehnilised k\u00fcpsised, mis on vajalikud, et te saaksite veebilehel navigeerida ja veebilehe funktsioone kasutada.\u00a0<br \/>Multimeedia esitamiseks kasutatavad k\u00fcpsised, mis salvestavad video- v\u00f5i audiomaterjali esitamiseks vajalikku tehnilist teavet.\u00a0<br \/>Anal\u00fc\u00fctilised k\u00fcpsised, mis koguvad teavet selle kohta, kuidas veebilehte kasutatakse. Need k\u00fcpsised ei kogu teavet, mis v\u00f5imaldaks teid otseselt tuvastada.\u00a0<br \/>Autentimise k\u00fcpsised, mis v\u00f5imaldavad veebilehel meeles pidada teie tehtud valikuid.\u00a0<br \/>Reklaamik\u00fcpsised, mida veebileht kasutab teie huvidele sihitud reklaamide pakkumiseks. K\u00fcpsised reguleerivad, mitu korda te konkreetset reklaami n\u00e4ete ning aitavad \u00fchtlasi m\u00f5\u00f5ta reklaamikampaania t\u00f5husust.\u00a0<\/p>\r\n<h3 class=\"wp-block-heading\"><strong>Kuidas v\u00e4ltida k\u00fcpsiseid?\u202f<\/strong><\/h3>\r\n<p>J\u00e4tkates meie veebilehe kasutamist, arvestame automaatselt, et olete andnud meile n\u00f5usoleku k\u00fcpsiste kasutamiseks. Kui\u202fte ei soovi, et teie seadmesse salvestatakse k\u00fcpsiseid, saate oma veebilehitseja turvas\u00e4tetes muuta k\u00fcpsiste salvestumisest teavitamise seadeid, k\u00f5ik k\u00fcpsised blokeerida v\u00f5i kustutada juba teie seadmesse salvestunud k\u00fcpsised. Samas m\u00e4rgime, et k\u00f5ikide k\u00fcpsiste blokeerimine v\u00f5ib k\u00fcll aidata teil kaitsta teie privaatsust, kuid samas piirata m\u00f5ne meie veebilehe olulise funktsiooni toimimist.\u00a0<\/p>\r\n<h3 class=\"wp-block-heading\"><strong>Muudatused k\u00fcpsiste kasutamise eeskirjas<\/strong><\/h3>\r\n<p>J\u00e4tame endale \u00f5iguse k\u00fcpsiste kasutamise eeskirja vajadusel muuta ning asjakohastada vastavalt uuenevale seadusandlusele ja regulatsioonidele.Veebilehte kasutades kontrollige k\u00e4esoleva lehek\u00fclje sisu, tutvumaks k\u00fcpsiste kasutamise eeskirja uuenduste ja muudatustega.\u00a0<\/p>\r\n<h3 class=\"wp-block-heading\"><strong>Kontaktandmed<\/strong><\/h3>\r\n<p>Kui soovite t\u00e4psustada k\u00fcsimusi seoses k\u00fcpsiste kasutamise eeskirjaga, v\u00f5tke palun meiega \u00fchendust\u00a0<a class=\"mail-link\" data-enc-email=\"vasb[at]fpnaqvhz.rr\" data-wpel-link=\"ignore\"><span id=\"eeb-156912-417340\">info@scandium.ee<\/span><\/a>.\u00a0<\/p>","protected":false},"excerpt":{"rendered":"<p>Privaatsustingimused Isikuandmete vastutav t\u00f6\u00f6tleja ja kasutaja on Scandium Kinnisvara AS, registrikood 12957803.\u00a0 K\u00e4esolevaga informeerime Teid meie Teenuse kasutamisel Teie isikuandmete andmete kogumise, kasutamise ja avaldamise poliitikast. Kasutame Teie andmeid, et Teile Teenust osutada ja seda parendada. Meie Teenuse kasutamisega olete n\u00f5ustunud, et kogume ja kasutame Teie andmeid vastavalt k\u00e4esolevale poliitikale.\u00a0 Isikuandmed Kliendisuhte raames esitab klient [&hellip;]<\/p>\n","protected":false},"author":1,"featured_media":0,"parent":0,"menu_order":0,"comment_status":"closed","ping_status":"open","template":"","meta":{"_acf_changed":false,"footnotes":""},"class_list":["post-3","page","type-page","status-publish","hentry"],"acf":[],"yoast_head":"<!-- This site is optimized with the Yoast SEO plugin v25.1 - https:\/\/yoast.com\/wordpress\/plugins\/seo\/ -->\n<title>Privaatsuspoliitika | P&auml;rnu Bellevue<\/title>\n<meta name=\"robots\" content=\"index, follow, max-snippet:-1, max-image-preview:large, max-video-preview:-1\" \/>\n<link rel=\"canonical\" href=\"https:\/\/scandium.ee\/parnu-bellevue\/privaatsuspoliitika\/\" \/>\n<meta property=\"og:locale\" content=\"et_EE\" \/>\n<meta property=\"og:type\" content=\"article\" \/>\n<meta property=\"og:title\" content=\"Privaatsuspoliitika | P&auml;rnu Bellevue\" \/>\n<meta property=\"og:description\" content=\"Privaatsustingimused Isikuandmete vastutav t\u00f6\u00f6tleja ja kasutaja on Scandium Kinnisvara AS, registrikood 12957803.\u00a0 K\u00e4esolevaga informeerime Teid meie Teenuse kasutamisel Teie isikuandmete andmete kogumise, kasutamise ja avaldamise poliitikast. Kasutame Teie andmeid, et Teile Teenust osutada ja seda parendada. Meie Teenuse kasutamisega olete n\u00f5ustunud, et kogume ja kasutame Teie andmeid vastavalt k\u00e4esolevale poliitikale.\u00a0 Isikuandmed Kliendisuhte raames esitab klient [&hellip;]\" \/>\n<meta property=\"og:url\" content=\"https:\/\/scandium.ee\/parnu-bellevue\/privaatsuspoliitika\/\" \/>\n<meta property=\"og:site_name\" content=\"P&auml;rnu Bellevue\" \/>\n<meta property=\"article:publisher\" content=\"https:\/\/www.facebook.com\/scandiumkinnisvara\/\" \/>\n<meta property=\"article:modified_time\" content=\"2025-04-13T13:27:16+00:00\" \/>\n<meta property=\"og:image\" content=\"https:\/\/scandium.ee\/parnu-bellevue\/wp-content\/uploads\/2025\/04\/Parnu-Bellevue-og-min.jpg\" \/>\n\t<meta property=\"og:image:width\" content=\"1200\" \/>\n\t<meta property=\"og:image:height\" content=\"648\" \/>\n\t<meta property=\"og:image:type\" content=\"image\/jpeg\" \/>\n<meta name=\"twitter:card\" content=\"summary_large_image\" \/>\n<meta name=\"twitter:label1\" content=\"Est. reading time\" \/>\n\t<meta name=\"twitter:data1\" content=\"4 minutit\" \/>\n<script type=\"application\/ld+json\" class=\"yoast-schema-graph\">{\"@context\":\"https:\/\/schema.org\",\"@graph\":[{\"@type\":\"WebPage\",\"@id\":\"https:\/\/scandium.ee\/parnu-bellevue\/privaatsuspoliitika\/\",\"url\":\"https:\/\/scandium.ee\/parnu-bellevue\/privaatsuspoliitika\/\",\"name\":\"Privaatsuspoliitika | P&auml;rnu Bellevue\",\"isPartOf\":{\"@id\":\"https:\/\/scandium.ee\/parnu-bellevue\/#website\"},\"datePublished\":\"2025-01-31T11:03:26+00:00\",\"dateModified\":\"2025-04-13T13:27:16+00:00\",\"breadcrumb\":{\"@id\":\"https:\/\/scandium.ee\/parnu-bellevue\/privaatsuspoliitika\/#breadcrumb\"},\"inLanguage\":\"et\",\"potentialAction\":[{\"@type\":\"ReadAction\",\"target\":[\"https:\/\/scandium.ee\/parnu-bellevue\/privaatsuspoliitika\/\"]}]},{\"@type\":\"BreadcrumbList\",\"@id\":\"https:\/\/scandium.ee\/parnu-bellevue\/privaatsuspoliitika\/#breadcrumb\",\"itemListElement\":[{\"@type\":\"ListItem\",\"position\":1,\"name\":\"Home\",\"item\":\"https:\/\/scandium.ee\/parnu-bellevue\/\"},{\"@type\":\"ListItem\",\"position\":2,\"name\":\"Privaatsuspoliitika\"}]},{\"@type\":\"WebSite\",\"@id\":\"https:\/\/scandium.ee\/parnu-bellevue\/#website\",\"url\":\"https:\/\/scandium.ee\/parnu-bellevue\/\",\"name\":\"P\u00e4rnu Bellevue\",\"description\":\"Vaade ilule\",\"publisher\":{\"@id\":\"https:\/\/scandium.ee\/parnu-bellevue\/#organization\"},\"potentialAction\":[{\"@type\":\"SearchAction\",\"target\":{\"@type\":\"EntryPoint\",\"urlTemplate\":\"https:\/\/scandium.ee\/parnu-bellevue\/?s={search_term_string}\"},\"query-input\":{\"@type\":\"PropertyValueSpecification\",\"valueRequired\":true,\"valueName\":\"search_term_string\"}}],\"inLanguage\":\"et\"},{\"@type\":\"Organization\",\"@id\":\"https:\/\/scandium.ee\/parnu-bellevue\/#organization\",\"name\":\"P\u00e4rnu Bellevue\",\"url\":\"https:\/\/scandium.ee\/parnu-bellevue\/\",\"logo\":{\"@type\":\"ImageObject\",\"inLanguage\":\"et\",\"@id\":\"https:\/\/scandium.ee\/parnu-bellevue\/#\/schema\/logo\/image\/\",\"url\":\"https:\/\/scandium.ee\/parnu-bellevue\/wp-content\/uploads\/2025\/01\/bellevue_logo.svg\",\"contentUrl\":\"https:\/\/scandium.ee\/parnu-bellevue\/wp-content\/uploads\/2025\/01\/bellevue_logo.svg\",\"caption\":\"P\u00e4rnu Bellevue\"},\"image\":{\"@id\":\"https:\/\/scandium.ee\/parnu-bellevue\/#\/schema\/logo\/image\/\"},\"sameAs\":[\"https:\/\/www.facebook.com\/scandiumkinnisvara\/\",\"https:\/\/www.instagram.com\/scandiumkinnisvara\/\",\"https:\/\/www.linkedin.com\/company\/scandium-kinnisvara-o\/\"]}]}<\/script>\n<!-- \/ Yoast SEO plugin. -->","yoast_head_json":{"title":"Privaatsuspoliitika | P&auml;rnu Bellevue","robots":{"index":"index","follow":"follow","max-snippet":"max-snippet:-1","max-image-preview":"max-image-preview:large","max-video-preview":"max-video-preview:-1"},"canonical":"https:\/\/scandium.ee\/parnu-bellevue\/privaatsuspoliitika\/","og_locale":"et_EE","og_type":"article","og_title":"Privaatsuspoliitika | P&auml;rnu Bellevue","og_description":"Privaatsustingimused Isikuandmete vastutav t\u00f6\u00f6tleja ja kasutaja on Scandium Kinnisvara AS, registrikood 12957803.\u00a0 K\u00e4esolevaga informeerime Teid meie Teenuse kasutamisel Teie isikuandmete andmete kogumise, kasutamise ja avaldamise poliitikast. Kasutame Teie andmeid, et Teile Teenust osutada ja seda parendada. Meie Teenuse kasutamisega olete n\u00f5ustunud, et kogume ja kasutame Teie andmeid vastavalt k\u00e4esolevale poliitikale.\u00a0 Isikuandmed Kliendisuhte raames esitab klient [&hellip;]","og_url":"https:\/\/scandium.ee\/parnu-bellevue\/privaatsuspoliitika\/","og_site_name":"P&auml;rnu Bellevue","article_publisher":"https:\/\/www.facebook.com\/scandiumkinnisvara\/","article_modified_time":"2025-04-13T13:27:16+00:00","og_image":[{"width":1200,"height":648,"url":"https:\/\/scandium.ee\/parnu-bellevue\/wp-content\/uploads\/2025\/04\/Parnu-Bellevue-og-min.jpg","type":"image\/jpeg"}],"twitter_card":"summary_large_image","twitter_misc":{"Est. reading time":"4 minutit"},"schema":{"@context":"https:\/\/schema.org","@graph":[{"@type":"WebPage","@id":"https:\/\/scandium.ee\/parnu-bellevue\/privaatsuspoliitika\/","url":"https:\/\/scandium.ee\/parnu-bellevue\/privaatsuspoliitika\/","name":"Privaatsuspoliitika | P&auml;rnu Bellevue","isPartOf":{"@id":"https:\/\/scandium.ee\/parnu-bellevue\/#website"},"datePublished":"2025-01-31T11:03:26+00:00","dateModified":"2025-04-13T13:27:16+00:00","breadcrumb":{"@id":"https:\/\/scandium.ee\/parnu-bellevue\/privaatsuspoliitika\/#breadcrumb"},"inLanguage":"et","potentialAction":[{"@type":"ReadAction","target":["https:\/\/scandium.ee\/parnu-bellevue\/privaatsuspoliitika\/"]}]},{"@type":"BreadcrumbList","@id":"https:\/\/scandium.ee\/parnu-bellevue\/privaatsuspoliitika\/#breadcrumb","itemListElement":[{"@type":"ListItem","position":1,"name":"Home","item":"https:\/\/scandium.ee\/parnu-bellevue\/"},{"@type":"ListItem","position":2,"name":"Privaatsuspoliitika"}]},{"@type":"WebSite","@id":"https:\/\/scandium.ee\/parnu-bellevue\/#website","url":"https:\/\/scandium.ee\/parnu-bellevue\/","name":"P\u00e4rnu Bellevue","description":"Vaade ilule","publisher":{"@id":"https:\/\/scandium.ee\/parnu-bellevue\/#organization"},"potentialAction":[{"@type":"SearchAction","target":{"@type":"EntryPoint","urlTemplate":"https:\/\/scandium.ee\/parnu-bellevue\/?s={search_term_string}"},"query-input":{"@type":"PropertyValueSpecification","valueRequired":true,"valueName":"search_term_string"}}],"inLanguage":"et"},{"@type":"Organization","@id":"https:\/\/scandium.ee\/parnu-bellevue\/#organization","name":"P\u00e4rnu Bellevue","url":"https:\/\/scandium.ee\/parnu-bellevue\/","logo":{"@type":"ImageObject","inLanguage":"et","@id":"https:\/\/scandium.ee\/parnu-bellevue\/#\/schema\/logo\/image\/","url":"https:\/\/scandium.ee\/parnu-bellevue\/wp-content\/uploads\/2025\/01\/bellevue_logo.svg","contentUrl":"https:\/\/scandium.ee\/parnu-bellevue\/wp-content\/uploads\/2025\/01\/bellevue_logo.svg","caption":"P\u00e4rnu Bellevue"},"image":{"@id":"https:\/\/scandium.ee\/parnu-bellevue\/#\/schema\/logo\/image\/"},"sameAs":["https:\/\/www.facebook.com\/scandiumkinnisvara\/","https:\/\/www.instagram.com\/scandiumkinnisvara\/","https:\/\/www.linkedin.com\/company\/scandium-kinnisvara-o\/"]}]}},"_links":{"self":[{"href":"https:\/\/scandium.ee\/parnu-bellevue\/wp-json\/wp\/v2\/pages\/3","targetHints":{"allow":["GET"]}}],"collection":[{"href":"https:\/\/scandium.ee\/parnu-bellevue\/wp-json\/wp\/v2\/pages"}],"about":[{"href":"https:\/\/scandium.ee\/parnu-bellevue\/wp-json\/wp\/v2\/types\/page"}],"author":[{"embeddable":true,"href":"https:\/\/scandium.ee\/parnu-bellevue\/wp-json\/wp\/v2\/users\/1"}],"replies":[{"embeddable":true,"href":"https:\/\/scandium.ee\/parnu-bellevue\/wp-json\/wp\/v2\/comments?post=3"}],"version-history":[{"count":4,"href":"https:\/\/scandium.ee\/parnu-bellevue\/wp-json\/wp\/v2\/pages\/3\/revisions"}],"predecessor-version":[{"id":4910,"href":"https:\/\/scandium.ee\/parnu-bellevue\/wp-json\/wp\/v2\/pages\/3\/revisions\/4910"}],"wp:attachment":[{"href":"https:\/\/scandium.ee\/parnu-bellevue\/wp-json\/wp\/v2\/media?parent=3"}],"curies":[{"name":"wp","href":"https:\/\/api.w.org\/{rel}","templated":true}]}}